{"id":15934,"date":"2021-04-29T18:06:07","date_gmt":"2021-04-29T16:06:07","guid":{"rendered":"https:\/\/desiresankara.com\/musique\/?page_id=15934"},"modified":"2021-07-05T00:26:28","modified_gmt":"2021-07-04T22:26:28","slug":"ils-en-parlent","status":"publish","type":"page","link":"https:\/\/desiresankara.com\/musique\/ils-en-parlent\/","title":{"rendered":"Ils en parlent"},"content":{"rendered":"<p>[vc_row bg_type=\u00a0\u00bbcolor\u00a0\u00bb padding_top_multiplier=\u00a0\u00bb3x\u00a0\u00bb bg_color=\u00a0\u00bb#ebf3f5&Prime;][vc_column]<h1 class=\"grve-element grve-title grve-align-center grve-h1\" style=\"\"><span>Ils en parlent&#8230;<\/span><\/h1><div class=\"grve-empty-space grve-height-1x\" style=\"\"><\/div>\t\t<div class=\"grve-element grve-blog grve-blog-columns grve-blog-masonry grve-isotope grve-with-gap\" style=\"\" data-columns=\"2\" data-columns-large-screen=\"2\" data-columns-tablet-landscape=\"2\" data-columns-tablet-portrait=\"2\" data-columns-mobile=\"1\" data-layout=\"masonry\" data-spinner=\"no\" data-gutter-size=\"40\">\r\n\t\t\t<div class=\"grve-isotope-container\">\r\n\t\t\t<article class=\"grve-blog-item grve-isotope-item post-15605 post type-post status-publish format-standard has-post-thumbnail hentry category-ils-en-parlent tag-ville-de-stains\" itemscope itemType=\"http:\/\/schema.org\/BlogPosting\">\r\n\t\t\t\t<div class=\"grve-blog-item-inner grve-isotope-item-inner\">\r\n\t\t\t\t\t\t\t\t\t\t\t\t\t<div class=\"grve-media\">\r\n\t\t\t<a class=\"grve-item-url\" href=\"https:\/\/desiresankara.com\/musique\/2020\/10\/27\/une-ouverture-de-saison-desire\/\" aria-label=\"Une ouverture de saison D\u00e9sir\u00e9\"><\/a>\r\n\t\t\t<img loading=\"lazy\" decoding=\"async\" width=\"255\" height=\"300\" src=\"https:\/\/desiresankara.com\/musique\/wp-content\/uploads\/2021\/03\/desire-sankara-2a-255x300.jpg\" class=\"attachment-medium size-medium wp-post-image\" alt=\"D\u00e9sir\u00e9 Sankara - photo \u00a9 Robin Fran\u00e7ois\" srcset=\"https:\/\/desiresankara.com\/musique\/wp-content\/uploads\/2021\/03\/desire-sankara-2a-255x300.jpg 255w, https:\/\/desiresankara.com\/musique\/wp-content\/uploads\/2021\/03\/desire-sankara-2a-768x904.jpg 768w, https:\/\/desiresankara.com\/musique\/wp-content\/uploads\/2021\/03\/desire-sankara-2a.jpg 800w\" sizes=\"auto, (max-width: 255px) 100vw, 255px\" \/>\t\t\t<div class=\"grve-bg-black grve-hover-overlay grve-opacity-10\"><\/div>\r\n\t\t<\/div>\r\n\t\t\t\t\t\t<div class=\"grve-post-content-wrapper\">\r\n\t\t\t\t\t\t\t<div class=\"grve-post-content\">\r\n\t\t\t\t\t\t\t\t<div class=\"grve-post-header\">\r\n\t\t\t\t\t\t\t\t\t\t\t\t\t\t\t\t\t\t\t\t<span class=\"grve-hidden\">\r\n\t\t\t<span class=\"grve-structured-data entry-title\">Une ouverture de saison D\u00e9sir\u00e9<\/span>\r\n\t\t\t<span class=\"grve-structured-data\" itemprop=\"image\" itemscope itemtype=\"http:\/\/schema.org\/ImageObject\">\r\n\t\t\t   <span itemprop='url' >https:\/\/desiresankara.com\/musique\/wp-content\/uploads\/2021\/03\/desire-sankara-2a.jpg<\/span>\r\n\t\t\t   <span itemprop='height' >800<\/span>\r\n\t\t\t   <span itemprop='width' >942<\/span>\r\n\t\t\t<\/span>\r\n\t\t\t\t\t\t<span class=\"grve-structured-data vcard author\" itemprop=\"author\" itemscope itemtype=\"http:\/\/schema.org\/Person\">\r\n\t\t\t\t<span itemprop=\"name\" class=\"fn\">D\u00e9sir\u00e9 Sankara<\/span>\r\n\t\t\t<\/span>\r\n\t\t\t<span class=\"grve-structured-data\" itemprop=\"publisher\" itemscope itemtype=\"http:\/\/schema.org\/Organization\">\r\n\t\t\t\t<span itemprop='name'>D\u00e9sir\u00e9 Sankara<\/span>\r\n\t\t\t\t<span itemprop='logo' itemscope itemtype='http:\/\/schema.org\/ImageObject'>\r\n\t\t\t\t\t<span itemprop='url'>https:\/\/desiresankara.com\/musique\/wp-content\/uploads\/2021\/03\/desire-sankara-2a.jpg<\/span>\r\n\t\t\t\t<\/span>\r\n\t\t\t<\/span>\r\n\t\t\t\t\t\t<time class=\"grve-structured-data date published\" itemprop=\"datePublished\" datetime=\"2020-10-27T18:00:29+01:00\">27 octobre 2020<\/time>\r\n\t\t\t<time class=\"grve-structured-data date updated\" itemprop=\"dateModified\"  datetime=\"2023-11-07T12:04:00+01:00\">7 novembre 2023<\/time>\r\n\t\t\t<span class=\"grve-structured-data\" itemprop=\"mainEntityOfPage\" itemscope itemtype=\"http:\/\/schema.org\/WebPage\" itemid=\"https:\/\/desiresankara.com\/musique\/2020\/10\/27\/une-ouverture-de-saison-desire\/\"><\/span>\r\n\t\t<\/span>\r\n\t\t\t\t\t\t\t\t\t\t\t\t\t\t\t\t\t\t\t\t\t\t\t\t\t\t\t\t<a href=\"https:\/\/desiresankara.com\/musique\/2020\/10\/27\/une-ouverture-de-saison-desire\/\" rel=\"bookmark\"><h2 class=\"grve-post-title grve-post-title-hover grve-h2\" itemprop=\"name headline\">Une ouverture de saison D\u00e9sir\u00e9<\/h2><\/a>\t\t\t\t\t\t\t\t<\/div>\r\n\t\t\t\t\t\t\t\t<div itemprop=\"articleBody\"><p>Espace Paul \u00c9luard, une ouverture de saison D\u00e9sir\u00e9 L\u2019ouverture se fera avec\u00a0D\u00e9sir\u00e9 Sankara, mardi 27 octobre d\u00e8s 18h \u00e0 l\u2019Espace Paul \u00c9luard. \u00c9changes avec l\u2019artiste. \u00ab J\u2019ai h\u00e2te de remonter sur sc\u00e8ne car mon m\u00e9tier c\u2019est partager avec le public \u00bb. Si depuis le d\u00e9but de la crise sanitaire, D\u00e9sir\u00e9 Sankara a fait quelques concerts en plein air, il se pr\u00e9pare actuellement \u00e0 un concert, en salle, celle de l\u2019Espace Paul-Eluard. \u00ab Je suis d\u2019autant plus ravi que j\u2019ouvrirai la\u2026<\/p><a class=\"grve-read-more grve-link-text grve-heading-color grve-text-hover-primary-1\" href=\"https:\/\/desiresankara.com\/musique\/2020\/10\/27\/une-ouverture-de-saison-desire\/\"><span>lire plus<\/span><\/a><\/div>\t\t\t\t\t\t\t<\/div>\r\n\t\t\t\t\t\t<\/div>\r\n\t\t\t\t\t\r\n\t\t\t\t<\/div>\t\t\t<\/article>\r\n\r\n\t\t\t<article class=\"grve-blog-item grve-isotope-item post-15595 post type-post status-publish format-standard has-post-thumbnail hentry category-ils-en-parlent tag-slate-afrique\" itemscope itemType=\"http:\/\/schema.org\/BlogPosting\">\r\n\t\t\t\t<div class=\"grve-blog-item-inner grve-isotope-item-inner\">\r\n\t\t\t\t\t\t\t\t\t\t\t\t\t<div class=\"grve-media\">\r\n\t\t\t<a class=\"grve-item-url\" href=\"https:\/\/desiresankara.com\/musique\/2015\/09\/22\/slate-afrique-desire-sankara-un-nom-a-remarquer\/\" aria-label=\"D\u00e9sir\u00e9 Sankara, un nom \u00e0 remarquer\"><\/a>\r\n\t\t\t<img loading=\"lazy\" decoding=\"async\" width=\"300\" height=\"199\" src=\"https:\/\/desiresankara.com\/musique\/wp-content\/uploads\/2021\/03\/desire-sankara-slate-afrique-300x199.jpg\" class=\"attachment-medium size-medium wp-post-image\" alt=\"\" srcset=\"https:\/\/desiresankara.com\/musique\/wp-content\/uploads\/2021\/03\/desire-sankara-slate-afrique-300x199.jpg 300w, https:\/\/desiresankara.com\/musique\/wp-content\/uploads\/2021\/03\/desire-sankara-slate-afrique.jpg 600w\" sizes=\"auto, (max-width: 300px) 100vw, 300px\" \/>\t\t\t<div class=\"grve-bg-black grve-hover-overlay grve-opacity-10\"><\/div>\r\n\t\t<\/div>\r\n\t\t\t\t\t\t<div class=\"grve-post-content-wrapper\">\r\n\t\t\t\t\t\t\t<div class=\"grve-post-content\">\r\n\t\t\t\t\t\t\t\t<div class=\"grve-post-header\">\r\n\t\t\t\t\t\t\t\t\t\t\t\t\t\t\t\t\t\t\t\t<span class=\"grve-hidden\">\r\n\t\t\t<span class=\"grve-structured-data entry-title\">D\u00e9sir\u00e9 Sankara, un nom \u00e0 remarquer<\/span>\r\n\t\t\t<span class=\"grve-structured-data\" itemprop=\"image\" itemscope itemtype=\"http:\/\/schema.org\/ImageObject\">\r\n\t\t\t   <span itemprop='url' >https:\/\/desiresankara.com\/musique\/wp-content\/uploads\/2021\/03\/desire-sankara-slate-afrique.jpg<\/span>\r\n\t\t\t   <span itemprop='height' >600<\/span>\r\n\t\t\t   <span itemprop='width' >398<\/span>\r\n\t\t\t<\/span>\r\n\t\t\t\t\t\t<span class=\"grve-structured-data vcard author\" itemprop=\"author\" itemscope itemtype=\"http:\/\/schema.org\/Person\">\r\n\t\t\t\t<span itemprop=\"name\" class=\"fn\">D\u00e9sir\u00e9 Sankara<\/span>\r\n\t\t\t<\/span>\r\n\t\t\t<span class=\"grve-structured-data\" itemprop=\"publisher\" itemscope itemtype=\"http:\/\/schema.org\/Organization\">\r\n\t\t\t\t<span itemprop='name'>D\u00e9sir\u00e9 Sankara<\/span>\r\n\t\t\t\t<span itemprop='logo' itemscope itemtype='http:\/\/schema.org\/ImageObject'>\r\n\t\t\t\t\t<span itemprop='url'>https:\/\/desiresankara.com\/musique\/wp-content\/uploads\/2021\/03\/desire-sankara-slate-afrique.jpg<\/span>\r\n\t\t\t\t<\/span>\r\n\t\t\t<\/span>\r\n\t\t\t\t\t\t<time class=\"grve-structured-data date published\" itemprop=\"datePublished\" datetime=\"2015-09-22T18:19:16+02:00\">22 septembre 2015<\/time>\r\n\t\t\t<time class=\"grve-structured-data date updated\" itemprop=\"dateModified\"  datetime=\"2023-11-07T11:53:58+01:00\">7 novembre 2023<\/time>\r\n\t\t\t<span class=\"grve-structured-data\" itemprop=\"mainEntityOfPage\" itemscope itemtype=\"http:\/\/schema.org\/WebPage\" itemid=\"https:\/\/desiresankara.com\/musique\/2015\/09\/22\/slate-afrique-desire-sankara-un-nom-a-remarquer\/\"><\/span>\r\n\t\t<\/span>\r\n\t\t\t\t\t\t\t\t\t\t\t\t\t\t\t\t\t\t\t\t\t\t\t\t\t\t\t\t<a href=\"https:\/\/desiresankara.com\/musique\/2015\/09\/22\/slate-afrique-desire-sankara-un-nom-a-remarquer\/\" rel=\"bookmark\"><h2 class=\"grve-post-title grve-post-title-hover grve-h2\" itemprop=\"name headline\">D\u00e9sir\u00e9 Sankara, un nom \u00e0 remarquer<\/h2><\/a>\t\t\t\t\t\t\t\t<\/div>\r\n\t\t\t\t\t\t\t\t<div itemprop=\"articleBody\"><p>D\u00e9sir\u00e9 Sankara, un nom \u00e0 remarquer Comme son nom l\u2019indique, cet auteur compositeur est burkinab\u00e8. Et il fait bien partie de la famille de Thomas Sankara, pr\u00e9sident du Burkina Faso assassin\u00e9 en 1987, qui \u00e9tait son cousin. Pas \u00e0 la mode africaine, non, mais son cousin germain, puisque son p\u00e8re \u00e0 lui, un ancien instituteur, \u00abest le petit fr\u00e8re du papa de Thomas\u00bb. Voil\u00e0 pour les pr\u00e9sentations. L\u2019h\u00e9ritage est un peu lourd \u00e0 porter. Il voudrait ne pas trop s\u2019\u00e9tendre\u2026<\/p><a class=\"grve-read-more grve-link-text grve-heading-color grve-text-hover-primary-1\" href=\"https:\/\/desiresankara.com\/musique\/2015\/09\/22\/slate-afrique-desire-sankara-un-nom-a-remarquer\/\"><span>lire plus<\/span><\/a><\/div>\t\t\t\t\t\t\t<\/div>\r\n\t\t\t\t\t\t<\/div>\r\n\t\t\t\t\t\r\n\t\t\t\t<\/div>\t\t\t<\/article>\r\n\r\n\t\t\t<article class=\"grve-blog-item grve-isotope-item post-15590 post type-post status-publish format-standard has-post-thumbnail hentry category-ils-en-parlent tag-thomassankara-net\" itemscope itemType=\"http:\/\/schema.org\/BlogPosting\">\r\n\t\t\t\t<div class=\"grve-blog-item-inner grve-isotope-item-inner\">\r\n\t\t\t\t\t\t\t\t\t\t\t\t\t<div class=\"grve-media\">\r\n\t\t\t<a class=\"grve-item-url\" href=\"https:\/\/desiresankara.com\/musique\/2013\/01\/30\/ils-en-parlent\/\" aria-label=\"Interview\"><\/a>\r\n\t\t\t<img loading=\"lazy\" decoding=\"async\" width=\"300\" height=\"211\" src=\"https:\/\/desiresankara.com\/musique\/wp-content\/uploads\/2021\/04\/Arboretum-des-barres-300x211.jpg\" class=\"attachment-medium size-medium wp-post-image\" alt=\"D\u00e9sir\u00e9 Sankara \u00e0 l&#039;Arboretum des Barres\" srcset=\"https:\/\/desiresankara.com\/musique\/wp-content\/uploads\/2021\/04\/Arboretum-des-barres-300x211.jpg 300w, https:\/\/desiresankara.com\/musique\/wp-content\/uploads\/2021\/04\/Arboretum-des-barres.jpg 500w\" sizes=\"auto, (max-width: 300px) 100vw, 300px\" \/>\t\t\t<div class=\"grve-bg-black grve-hover-overlay grve-opacity-10\"><\/div>\r\n\t\t<\/div>\r\n\t\t\t\t\t\t<div class=\"grve-post-content-wrapper\">\r\n\t\t\t\t\t\t\t<div class=\"grve-post-content\">\r\n\t\t\t\t\t\t\t\t<div class=\"grve-post-header\">\r\n\t\t\t\t\t\t\t\t\t\t\t\t\t\t\t\t\t\t\t\t<span class=\"grve-hidden\">\r\n\t\t\t<span class=\"grve-structured-data entry-title\">Interview<\/span>\r\n\t\t\t<span class=\"grve-structured-data\" itemprop=\"image\" itemscope itemtype=\"http:\/\/schema.org\/ImageObject\">\r\n\t\t\t   <span itemprop='url' >https:\/\/desiresankara.com\/musique\/wp-content\/uploads\/2021\/04\/Arboretum-des-barres.jpg<\/span>\r\n\t\t\t   <span itemprop='height' >500<\/span>\r\n\t\t\t   <span itemprop='width' >352<\/span>\r\n\t\t\t<\/span>\r\n\t\t\t\t\t\t<span class=\"grve-structured-data vcard author\" itemprop=\"author\" itemscope itemtype=\"http:\/\/schema.org\/Person\">\r\n\t\t\t\t<span itemprop=\"name\" class=\"fn\">D\u00e9sir\u00e9 Sankara<\/span>\r\n\t\t\t<\/span>\r\n\t\t\t<span class=\"grve-structured-data\" itemprop=\"publisher\" itemscope itemtype=\"http:\/\/schema.org\/Organization\">\r\n\t\t\t\t<span itemprop='name'>D\u00e9sir\u00e9 Sankara<\/span>\r\n\t\t\t\t<span itemprop='logo' itemscope itemtype='http:\/\/schema.org\/ImageObject'>\r\n\t\t\t\t\t<span itemprop='url'>https:\/\/desiresankara.com\/musique\/wp-content\/uploads\/2021\/04\/Arboretum-des-barres.jpg<\/span>\r\n\t\t\t\t<\/span>\r\n\t\t\t<\/span>\r\n\t\t\t\t\t\t<time class=\"grve-structured-data date published\" itemprop=\"datePublished\" datetime=\"2013-01-30T18:07:34+01:00\">30 janvier 2013<\/time>\r\n\t\t\t<time class=\"grve-structured-data date updated\" itemprop=\"dateModified\"  datetime=\"2023-11-07T12:06:26+01:00\">7 novembre 2023<\/time>\r\n\t\t\t<span class=\"grve-structured-data\" itemprop=\"mainEntityOfPage\" itemscope itemtype=\"http:\/\/schema.org\/WebPage\" itemid=\"https:\/\/desiresankara.com\/musique\/2013\/01\/30\/ils-en-parlent\/\"><\/span>\r\n\t\t<\/span>\r\n\t\t\t\t\t\t\t\t\t\t\t\t\t\t\t\t\t\t\t\t\t\t\t\t\t\t\t\t<a href=\"https:\/\/desiresankara.com\/musique\/2013\/01\/30\/ils-en-parlent\/\" rel=\"bookmark\"><h2 class=\"grve-post-title grve-post-title-hover grve-h2\" itemprop=\"name headline\">Interview<\/h2><\/a>\t\t\t\t\t\t\t\t<\/div>\r\n\t\t\t\t\t\t\t\t<div itemprop=\"articleBody\"><p>Interview \u00ab\u00a0l\u2019h\u00e9ritage de Thomas nous rappelle que nous avons une magnifique culture dans laquelle nous n\u2019avons pas fini de puiser pour de nouvelles cr\u00e9ations.\u00a0\u00bb D\u00e9sir\u00e9 Sankara Dans ce que nous avons trouv\u00e9 \u00e0 propos de votre biographie, il est dit que vous avez \u00e9t\u00e9 berc\u00e9 par la culture traditionnelle mossi, orale on va dire, contes et l\u00e9gendes, que vous avez d\u00e9couvert la musique occidentale \u00e0 5 ans ? Vous pouvez pr\u00e9ciser car vous r\u00e9sidiez en ville, n\u2019est-ce pas ? Effectivement,\u2026<\/p><a class=\"grve-read-more grve-link-text grve-heading-color grve-text-hover-primary-1\" href=\"https:\/\/desiresankara.com\/musique\/2013\/01\/30\/ils-en-parlent\/\"><span>lire plus<\/span><\/a><\/div>\t\t\t\t\t\t\t<\/div>\r\n\t\t\t\t\t\t<\/div>\r\n\t\t\t\t\t\r\n\t\t\t\t<\/div>\t\t\t<\/article>\r\n\r\n\t\t\t<article class=\"grve-blog-item grve-isotope-item post-15602 post type-post status-publish format-standard has-post-thumbnail hentry category-ils-en-parlent tag-la-depeche-du-midi\" itemscope itemType=\"http:\/\/schema.org\/BlogPosting\">\r\n\t\t\t\t<div class=\"grve-blog-item-inner grve-isotope-item-inner\">\r\n\t\t\t\t\t\t\t\t\t\t\t\t\t<div class=\"grve-media\">\r\n\t\t\t<a class=\"grve-item-url\" href=\"https:\/\/desiresankara.com\/musique\/2010\/03\/31\/desire-sankara-aux-halles-de-bram\/\" aria-label=\"D\u00e9sir\u00e9 Sankara aux Halles de Bram\"><\/a>\r\n\t\t\t<img loading=\"lazy\" decoding=\"async\" width=\"300\" height=\"206\" src=\"https:\/\/desiresankara.com\/musique\/wp-content\/uploads\/2021\/03\/desire-sankara-photo-laurent-vezinhet-300x206.jpg\" class=\"attachment-medium size-medium wp-post-image\" alt=\"D\u00e9sir\u00e9 Sankara \u00a9 photo Laurent V\u00e9zinhet\" srcset=\"https:\/\/desiresankara.com\/musique\/wp-content\/uploads\/2021\/03\/desire-sankara-photo-laurent-vezinhet-300x206.jpg 300w, https:\/\/desiresankara.com\/musique\/wp-content\/uploads\/2021\/03\/desire-sankara-photo-laurent-vezinhet.jpg 720w\" sizes=\"auto, (max-width: 300px) 100vw, 300px\" \/>\t\t\t<div class=\"grve-bg-black grve-hover-overlay grve-opacity-10\"><\/div>\r\n\t\t<\/div>\r\n\t\t\t\t\t\t<div class=\"grve-post-content-wrapper\">\r\n\t\t\t\t\t\t\t<div class=\"grve-post-content\">\r\n\t\t\t\t\t\t\t\t<div class=\"grve-post-header\">\r\n\t\t\t\t\t\t\t\t\t\t\t\t\t\t\t\t\t\t\t\t<span class=\"grve-hidden\">\r\n\t\t\t<span class=\"grve-structured-data entry-title\">D\u00e9sir\u00e9 Sankara aux Halles de Bram<\/span>\r\n\t\t\t<span class=\"grve-structured-data\" itemprop=\"image\" itemscope itemtype=\"http:\/\/schema.org\/ImageObject\">\r\n\t\t\t   <span itemprop='url' >https:\/\/desiresankara.com\/musique\/wp-content\/uploads\/2021\/03\/desire-sankara-photo-laurent-vezinhet.jpg<\/span>\r\n\t\t\t   <span itemprop='height' >720<\/span>\r\n\t\t\t   <span itemprop='width' >495<\/span>\r\n\t\t\t<\/span>\r\n\t\t\t\t\t\t<span class=\"grve-structured-data vcard author\" itemprop=\"author\" itemscope itemtype=\"http:\/\/schema.org\/Person\">\r\n\t\t\t\t<span itemprop=\"name\" class=\"fn\">D\u00e9sir\u00e9 Sankara<\/span>\r\n\t\t\t<\/span>\r\n\t\t\t<span class=\"grve-structured-data\" itemprop=\"publisher\" itemscope itemtype=\"http:\/\/schema.org\/Organization\">\r\n\t\t\t\t<span itemprop='name'>D\u00e9sir\u00e9 Sankara<\/span>\r\n\t\t\t\t<span itemprop='logo' itemscope itemtype='http:\/\/schema.org\/ImageObject'>\r\n\t\t\t\t\t<span itemprop='url'>https:\/\/desiresankara.com\/musique\/wp-content\/uploads\/2021\/03\/desire-sankara-photo-laurent-vezinhet.jpg<\/span>\r\n\t\t\t\t<\/span>\r\n\t\t\t<\/span>\r\n\t\t\t\t\t\t<time class=\"grve-structured-data date published\" itemprop=\"datePublished\" datetime=\"2010-03-31T18:32:44+02:00\">31 mars 2010<\/time>\r\n\t\t\t<time class=\"grve-structured-data date updated\" itemprop=\"dateModified\"  datetime=\"2023-11-07T12:07:07+01:00\">7 novembre 2023<\/time>\r\n\t\t\t<span class=\"grve-structured-data\" itemprop=\"mainEntityOfPage\" itemscope itemtype=\"http:\/\/schema.org\/WebPage\" itemid=\"https:\/\/desiresankara.com\/musique\/2010\/03\/31\/desire-sankara-aux-halles-de-bram\/\"><\/span>\r\n\t\t<\/span>\r\n\t\t\t\t\t\t\t\t\t\t\t\t\t\t\t\t\t\t\t\t\t\t\t\t\t\t\t\t<a href=\"https:\/\/desiresankara.com\/musique\/2010\/03\/31\/desire-sankara-aux-halles-de-bram\/\" rel=\"bookmark\"><h2 class=\"grve-post-title grve-post-title-hover grve-h2\" itemprop=\"name headline\">D\u00e9sir\u00e9 Sankara aux Halles de Bram<\/h2><\/a>\t\t\t\t\t\t\t\t<\/div>\r\n\t\t\t\t\t\t\t\t<div itemprop=\"articleBody\"><p>D\u00e9sir\u00e9 Sankara aux Halles de Bram Vrai grand succ\u00e8s pour le concert de D\u00e9sir\u00e9 Sankara aux halles de Bram samedi soir : pr\u00e8s de 150 personnes sont venues se r\u00e9chauffer aux sons envo\u00fbtants des chansons compos\u00e9es par l\u2019artiste burkinab\u00e9. Belle rencontre entre le public bramais et ce personnage attachant qui l\u2019a transport\u00e9, deux heures durant, vers le \u00ab pays des hommes int\u00e8gres \u00bb (traduction du Burkina Faso), ses traditions, son imaginaire et surtout ses sonorit\u00e9s rythm\u00e9es, sa musique g\u00e9n\u00e9reuse. Ambiance\u2026<\/p><a class=\"grve-read-more grve-link-text grve-heading-color grve-text-hover-primary-1\" href=\"https:\/\/desiresankara.com\/musique\/2010\/03\/31\/desire-sankara-aux-halles-de-bram\/\"><span>lire plus<\/span><\/a><\/div>\t\t\t\t\t\t\t<\/div>\r\n\t\t\t\t\t\t<\/div>\r\n\t\t\t\t\t\r\n\t\t\t\t<\/div>\t\t\t<\/article>\r\n\r\n\t\t\t<\/div>\r\n\t\t<\/div>\r\n[\/vc_column][\/vc_row]<\/p>\n","protected":false},"excerpt":{"rendered":"<p>[vc_row bg_type=\u00a0\u00bbcolor\u00a0\u00bb padding_top_multiplier=\u00a0\u00bb3x\u00a0\u00bb bg_color=\u00a0\u00bb#ebf3f5&Prime;][vc_column][\/vc_column][\/vc_row]<\/p>\n","protected":false},"author":1,"featured_media":0,"parent":0,"menu_order":0,"comment_status":"closed","ping_status":"closed","template":"","meta":{"footnotes":""},"class_list":["post-15934","page","type-page","status-publish","hentry"],"yoast_head":"<!-- This site is optimized with the Yoast SEO plugin v27.4 - https:\/\/yoast.com\/product\/yoast-seo-wordpress\/ -->\n<title>D\u00e9sir\u00e9 Sankara - Ils en parlent<\/title>\n<meta name=\"description\" content=\"&quot;D\u00e9sir\u00e9 Sankara, vous avez \u00e9t\u00e9 berc\u00e9 par la culture traditionnelle mossi, une culture orale, et ses contes et l\u00e9gendes.&quot;\" \/>\n<meta name=\"robots\" content=\"index, follow, max-snippet:-1, max-image-preview:large, max-video-preview:-1\" \/>\n<link rel=\"canonical\" href=\"https:\/\/desiresankara.com\/musique\/ils-en-parlent\/\" \/>\n<meta property=\"og:locale\" content=\"fr_FR\" \/>\n<meta property=\"og:type\" content=\"article\" \/>\n<meta property=\"og:title\" content=\"D\u00e9sir\u00e9 Sankara - Ils en parlent\" \/>\n<meta property=\"og:description\" content=\"&quot;D\u00e9sir\u00e9 Sankara, vous avez \u00e9t\u00e9 berc\u00e9 par la culture traditionnelle mossi, une culture orale, et ses contes et l\u00e9gendes.&quot;\" \/>\n<meta property=\"og:url\" content=\"https:\/\/desiresankara.com\/musique\/ils-en-parlent\/\" \/>\n<meta property=\"og:site_name\" content=\"D\u00e9sir\u00e9 Sankara\" \/>\n<meta property=\"article:modified_time\" content=\"2021-07-04T22:26:28+00:00\" \/>\n<meta name=\"twitter:card\" content=\"summary_large_image\" \/>\n<script type=\"application\/ld+json\" class=\"yoast-schema-graph\">{\"@context\":\"https:\\\/\\\/schema.org\",\"@graph\":[{\"@type\":\"WebPage\",\"@id\":\"https:\\\/\\\/desiresankara.com\\\/musique\\\/ils-en-parlent\\\/\",\"url\":\"https:\\\/\\\/desiresankara.com\\\/musique\\\/ils-en-parlent\\\/\",\"name\":\"D\u00e9sir\u00e9 Sankara - Ils en parlent\",\"isPartOf\":{\"@id\":\"https:\\\/\\\/desiresankara.com\\\/musique\\\/#website\"},\"datePublished\":\"2021-04-29T16:06:07+00:00\",\"dateModified\":\"2021-07-04T22:26:28+00:00\",\"description\":\"\\\"D\u00e9sir\u00e9 Sankara, vous avez \u00e9t\u00e9 berc\u00e9 par la culture traditionnelle mossi, une culture orale, et ses contes et l\u00e9gendes.\\\"\",\"breadcrumb\":{\"@id\":\"https:\\\/\\\/desiresankara.com\\\/musique\\\/ils-en-parlent\\\/#breadcrumb\"},\"inLanguage\":\"fr-FR\",\"potentialAction\":[{\"@type\":\"ReadAction\",\"target\":[\"https:\\\/\\\/desiresankara.com\\\/musique\\\/ils-en-parlent\\\/\"]}]},{\"@type\":\"BreadcrumbList\",\"@id\":\"https:\\\/\\\/desiresankara.com\\\/musique\\\/ils-en-parlent\\\/#breadcrumb\",\"itemListElement\":[{\"@type\":\"ListItem\",\"position\":1,\"name\":\"Accueil\",\"item\":\"https:\\\/\\\/desiresankara.com\\\/musique\\\/\"},{\"@type\":\"ListItem\",\"position\":2,\"name\":\"Ils en parlent\"}]},{\"@type\":\"WebSite\",\"@id\":\"https:\\\/\\\/desiresankara.com\\\/musique\\\/#website\",\"url\":\"https:\\\/\\\/desiresankara.com\\\/musique\\\/\",\"name\":\"D\u00e9sir\u00e9 Sankara\",\"description\":\"Musicien\",\"potentialAction\":[{\"@type\":\"SearchAction\",\"target\":{\"@type\":\"EntryPoint\",\"urlTemplate\":\"https:\\\/\\\/desiresankara.com\\\/musique\\\/?s={search_term_string}\"},\"query-input\":{\"@type\":\"PropertyValueSpecification\",\"valueRequired\":true,\"valueName\":\"search_term_string\"}}],\"inLanguage\":\"fr-FR\"}]}<\/script>\n<!-- \/ Yoast SEO plugin. -->","yoast_head_json":{"title":"D\u00e9sir\u00e9 Sankara - Ils en parlent","description":"\"D\u00e9sir\u00e9 Sankara, vous avez \u00e9t\u00e9 berc\u00e9 par la culture traditionnelle mossi, une culture orale, et ses contes et l\u00e9gendes.\"","robots":{"index":"index","follow":"follow","max-snippet":"max-snippet:-1","max-image-preview":"max-image-preview:large","max-video-preview":"max-video-preview:-1"},"canonical":"https:\/\/desiresankara.com\/musique\/ils-en-parlent\/","og_locale":"fr_FR","og_type":"article","og_title":"D\u00e9sir\u00e9 Sankara - Ils en parlent","og_description":"\"D\u00e9sir\u00e9 Sankara, vous avez \u00e9t\u00e9 berc\u00e9 par la culture traditionnelle mossi, une culture orale, et ses contes et l\u00e9gendes.\"","og_url":"https:\/\/desiresankara.com\/musique\/ils-en-parlent\/","og_site_name":"D\u00e9sir\u00e9 Sankara","article_modified_time":"2021-07-04T22:26:28+00:00","twitter_card":"summary_large_image","schema":{"@context":"https:\/\/schema.org","@graph":[{"@type":"WebPage","@id":"https:\/\/desiresankara.com\/musique\/ils-en-parlent\/","url":"https:\/\/desiresankara.com\/musique\/ils-en-parlent\/","name":"D\u00e9sir\u00e9 Sankara - Ils en parlent","isPartOf":{"@id":"https:\/\/desiresankara.com\/musique\/#website"},"datePublished":"2021-04-29T16:06:07+00:00","dateModified":"2021-07-04T22:26:28+00:00","description":"\"D\u00e9sir\u00e9 Sankara, vous avez \u00e9t\u00e9 berc\u00e9 par la culture traditionnelle mossi, une culture orale, et ses contes et l\u00e9gendes.\"","breadcrumb":{"@id":"https:\/\/desiresankara.com\/musique\/ils-en-parlent\/#breadcrumb"},"inLanguage":"fr-FR","potentialAction":[{"@type":"ReadAction","target":["https:\/\/desiresankara.com\/musique\/ils-en-parlent\/"]}]},{"@type":"BreadcrumbList","@id":"https:\/\/desiresankara.com\/musique\/ils-en-parlent\/#breadcrumb","itemListElement":[{"@type":"ListItem","position":1,"name":"Accueil","item":"https:\/\/desiresankara.com\/musique\/"},{"@type":"ListItem","position":2,"name":"Ils en parlent"}]},{"@type":"WebSite","@id":"https:\/\/desiresankara.com\/musique\/#website","url":"https:\/\/desiresankara.com\/musique\/","name":"D\u00e9sir\u00e9 Sankara","description":"Musicien","potentialAction":[{"@type":"SearchAction","target":{"@type":"EntryPoint","urlTemplate":"https:\/\/desiresankara.com\/musique\/?s={search_term_string}"},"query-input":{"@type":"PropertyValueSpecification","valueRequired":true,"valueName":"search_term_string"}}],"inLanguage":"fr-FR"}]}},"_links":{"self":[{"href":"https:\/\/desiresankara.com\/musique\/wp-json\/wp\/v2\/pages\/15934","targetHints":{"allow":["GET"]}}],"collection":[{"href":"https:\/\/desiresankara.com\/musique\/wp-json\/wp\/v2\/pages"}],"about":[{"href":"https:\/\/desiresankara.com\/musique\/wp-json\/wp\/v2\/types\/page"}],"author":[{"embeddable":true,"href":"https:\/\/desiresankara.com\/musique\/wp-json\/wp\/v2\/users\/1"}],"replies":[{"embeddable":true,"href":"https:\/\/desiresankara.com\/musique\/wp-json\/wp\/v2\/comments?post=15934"}],"version-history":[{"count":0,"href":"https:\/\/desiresankara.com\/musique\/wp-json\/wp\/v2\/pages\/15934\/revisions"}],"wp:attachment":[{"href":"https:\/\/desiresankara.com\/musique\/wp-json\/wp\/v2\/media?parent=15934"}],"curies":[{"name":"wp","href":"https:\/\/api.w.org\/{rel}","templated":true}]}}